*2 - 95*h + 19. Determine n(-24).
-5
Let a(p) = -p**3 + 36*p**2 - 63*p - 170. What is a(34)?
0
Let j(g) = -g + 4. Determine j(2).
2
Let v(f) = -3*f**3 - 2*f**2 + f. Determine v(1).
-4
Let p(a) = -7*a + 16. Determine p(9).
-47
Let t(l) = l**2 - 17*l - 278. Calculate t(27).
-8
Let b(c) = 128*c + 1415. Give b(-11).
7
Let l(c) = 2*c - 4. Give l(2).
0
Let g(a) = -8*a**2 - 2*a - 1. Give g(-1).
-7
Let x(d) = 41*d + 250. Calculate x(-6).
4
Let h(i) = -2*i**3 - 11*i**2 - 7*i - 8. Calculate h(-7).
188
Let j(a) = -2*a - 2. Give j(-1).
0
Let k(h) = -h - 5. Determine k(5).
-10
Let b(s) = -14*s**2 + 14*s - 5. Calculate b(4).
-173
Let t(j) = -2*j**2 + 16*j - 15. Give t(6).
9
Let z(a) = -7*a**2 - 4*a - 3. What is z(-1)?
-6
Let q(h) = 3*h**2 + 5*h. Determine q(-2).
2
Let h(j) = -2*j**3 - 13*j**2 + 8*j + 4. Give h(-7).
-3
Let f(t) = t**2 + 9*t - 13. Calculate f(-9).
-13
Let v(n) = n**3 - 19*n**2 - n + 23. Give v(19).
4
Let d(q) = -q**3 + 7*q**2 - 6*q + 6. Calculate d(4).
30
Let n(x) = x**3 + 5*x**2 - 6*x. Give n(-6).
0
Let o(u) = 3*u + 27. Give o(-17).
-24
Let h(j) = j**2 - 9*j + 11. Determine h(5).
-9
Let r(y) = -y**2 - 8*y + 12. What is r(-10)?
-8
Let z(s) = s**2 + 4*s - 29. Determine z(-7).
-8
Let i(m) = -13*m + 1. Give i(3).
-38
Let i(m) = m - 12. Give i(4).
-8
Let o(v) = -11*v + 7. What is o(3)?
-26
Let d(y) = 4*y + 8. Determine d(-5).
-12
Let n(y) = 27*y**3 + y**2 + y - 1. Determine n(-1).
-28
Let j(t) = t + 5. Calculate j(-11).
-6
Let p(i) = 21*i**3 + 3*i**2 - 3*i - 2. Determine p(-2).
-152
Let a(p) = -p**3 - 3*p**2 + 27*p + 16. What is a(-7)?
23
Let p(t) = t**2 - 55*t + 1. What is p(55)?
1
Let z(y) = -31*y - 1. Give z(1).
-32
Let v(y) = 2*y**3 - 2*y**2 - 16*y + 4. Calculate v(3).
-8
Let r(k) = k - 9. Give r(-4).
-13
Let j(y) = -6*y - 16. Give j(-5).
14
Let s(m) = m**2 + 4*m + 3. Determine s(-2).
-1
Let b(m) = 10*m - 46. Give b(7).
24
Let n(o) = -280*o + 1951. Determine n(7).
-9
Let l(m) = -2*m**3 + 24*m**2 + 4*m - 26. What is l(12)?
22
Let k(w) = w**3 - 9*w**2 + 10*w - 3. What is k(8)?
13
Let p(c) = c**3 + 3*c**2 - 2*c - 10. Calculate p(-2).
-2
Let r(a) = 6*a**2 - 52*a + 1. Give r(8).
-31
Let v(s) = 4*s**2 - s - 3. Determine v(-3).
36
Let l(o) = o**3 - 26*o**2 - 21. Calculate l(26).
-21
Let y(l) = 5*l**2 - 20*l - 13. What is y(6)?
47
Let y(i) = -i**2 - 17*i - 2. Calculate y(-17).
-2
Let k(l) = -l**2 + 8*l + 1. What is k(3)?
16
Let b(p) = p**3 - p**2 - p + 6. What is b(0)?
6
Let z(p) = p**3 + p**2 + 2*p. Determine z(-3).
-24
Let c(j) = j**3 + 14*j**2 - 29*j + 27. Give c(-16).
-21
Let u(d) = d**2 + 19*d + 68. Give u(-15).
8
Let o(p) = -17*p - 424. Calculate o(-25).
1
Let d(u) = -4*u**2 + 107*u + 138. What is d(28)?
-2
Let z(x) = x**2 - 13*x - 97. Calculate z(-6).
17
Let v(n) = -6*n**2 + 2*n - 2. What is v(1)?
-6
Let n(t) = -t**2 - 4*t - 4. Give n(-5).
-9
Let t(i) = -i**2 + 5*i - 13. Give t(12).
-97
Let i(m) = -m**2 + 9*m - 2. Determine i(7).
12
Let i(p) = -p**2 - 23*p - 2. Calculate i(-23).
-2
Let f(i) = -i + 9. Determine f(0).
9
Let m(f) = 30*f**2 - 4*f - 1. Give m(2).
111
Let m(p) = -21*p + 1. Give m(1).
-20
Let f(i) = i**3 - 9*i**2 - 7*i + 41. Determine f(9).
-22
Let q(g) = -g**3 + 7*g**2 - 11*g + 1. Calculate q(5).
-4
Let b(x) = -x**2 - 12*x - 31. Give b(-10).
-11
Let x(u) = u**2 - 10*u + 2. Determine x(9).
-7
Let c(n) = n**3 - 18*n**2 + 19*n - 16. Determine c(17).
18
Let u(s) = -5*s + 162. Determine u(32).
2
Let q(x) = x**2 - 7*x + 2. Calculate q(11).
46
Let n(k) = k**2 + 5*k + 3. Give n(-4).
-1
Let j(s) = s**3 + 11*s**2 + 19*s + 16. Calculate j(-9).
7
Let m(o) = -4*o + 26. Determine m(-10).
66
Let s(k) = 3*k**2 + 13*k + 9. Give s(-3).
-3
Let s(q) = -7*q**2 - 13*q + 9. Calculate s(1).
-11
Let p(z) = z**3 - 12*z**2 + 18*z - 26. Calculate p(11).
51
Let w(h) = -2*h - 18. Calculate w(-7).
-4
Let p(b) = b**2 + 29*b - 30. What is p(-30)?
0
Let w(d) = d**2 - 12*d + 7. Give w(9).
-20
Let q(p) = -p**2 + 11*p - 23. Calculate q(9).
-5
Let r(i) = 2*i**3 - 63*i**2 - 30*i - 45. What is r(32)?
19
Let a(j) = 2*j**2 - 26*j + 1. Calculate a(16).
97
Let d(u) = -6*u - 35. Determine d(-8).
13
Let j(i) = i**3 - 11*i**2 + 12*i - 10. Determine j(10).
10
Let w(b) = b**3 + 9*b**2 + 12*b. What is w(-8)?
-32
Let f(g) = -g**3 - 13*g**2 - 14*g - 3. Determine f(-11).
-91
Let h(r) = 45*r - 3. Determine h(-1).
-48
Let b(u) = -42*u**2 - 253*u - 8. Give b(-6).
-2
Let z(w) = 21*w + 108. Determine z(-6).
-18
Let o(w) = w - 10. Calculate o(20).
10
Let j(n) = 3*n + 91. Give j(-27).
10
Let v(f) = -f**3 + 5*f - 21. Determine v(0).
-21
Let p(z) = 120*z - 1. Calculate p(1).
119
Let b(a) = a**3 + 2*a - 7. Give b(2).
5
Let h(g) = -g**3 + 5*g**2 - 6*g - 6. Calculate h(4).
-14
Let n(o) = 2*o**2 - 6*o - 4. Determine n(5).
16
Let t(r) = r**2 - 11*r + 16. Determine t(10).
6
Let a(x) = 3*x**3 + 5*x**2 + x - 2. Determine a(-2).
-8
Let l(p) = -p**3 - p**2 + 15*p + 26. Determine l(-4).
14
Let j(a) = -3*a - 6. What is j(-4)?
6
Let o(s) = -s**3 - 11*s**2 + s - 1. What is o(-11)?
-12
Let l(s) = -s**3 + 14*s**2 + 33*s - 264. Give l(15).
6
Let g(p) = p**3 - 18*p**2 + 2. Determine g(18).
2
Let q(d) = d**3 + 22*d**2 + 22*d - 35. Determine q(-21).
-56
Let q(w) = -w**3 + 8*w**2 - 6*w - 7. What is q(7)?
0
Let v(j) = 50*j - 8. Give v(3).
142
Let o(w) = 12*w - 151. What is o(12)?
-7
Let d(f) = 4*f - 26. Determine d(5).
-6
Let b(g) = 2*g**2 + 45*g - 524. What is b(-31)?
3
Let s(x) = -6*x**2 + 16*x. What is s(2)?
8
Let q(d) = -5*d + 3. Give q(-4).
23
Let i(b) = -3*b - 52. Calculate i(-22).
14
Let i(g) = -3*g**2 - 35*g + 21. Give i(-13).
-31
Let f(r) = r**2 + 5*r - 85. Calculate f(-12).
-1
Let d(y) = -y**3 - 11*y**2 - 9*y + 9. Give d(-10).
-1
Let t(f) = -4*f**2 + 7*f + 3. What is t(6)?
-99
Let j(g) = 6*g + 75. Give j(-13).
-3
Let f(k) = -k**2 + 3. Calculate f(5).
-22
Let m(g) = 2*g**2 + 33*g - 24. Determine m(-17).
-7
Let a(b) = b**3 - 18*b**2 - 3*b - 43. Calculate a(18).
-97
Let i(q) = q**3 - 13*q**2 + 34*q + 7. Calculate i(9).
-11
Let s(v) = -v**3 - 6*v**2 - 5*v - 4. Calculate s(-7).
80
Let a(w) = 6*w**3 + 2*w**2 - 2. Give a(1).
6
Let r(l) = l**3 - 14*l**2 + 12*l + 9. Give r(13).
-4
Let j(h) = -h**3 + 7*h**2 + 6*h - 10. Give j(7).
32
Let q(b) = 5*b**2 - 49*b - 8. What is q(10)?
2
Let x(p) = -2*p**2 - 82*p - 70. Give x(-40).
10
Let z(q) = -19*q + 75. Give z(6).
-39
Let x(o) = -o**2 + 32*o - 249. Give x(15).
6
Let l(o) = o**3 - 18*o**2 + 62*o + 124. What is l(12)?
4
Let w(n) = -16*n - 144. Give w(-8).
-16
Let q(j) = -9*j**3 + j**2 - 3*j + 4. Give q(1).
-7
Let s(h) = -h**3 - 7*h**2 + 16*h - 9. Give s(-9).
9
Let v(t) = t**2 - 2*t - 40. Determine v(14).
128
Let a(q) = 5*q + 32. Give a(22).
142
Let y(p) = 3*p**2 + 16*p + 17. Calculate y(-4).
1
Let g(b) = 90*b - 1264. Determine g(14).
-4
Let x(d) = -3*d**3 - 34*d**2 - 13*d - 6. What is x(-11)?
16
Let b(v) = v**3 - 11*v**2 + 25*v - 16. Determine b(8).
-8
Let p(i) = 11*i + 9. Give p(2).
31
Let u(l) = -13*l**3 - l**2 - l + 3. Calculate u(1).
-12
Let s(z) = 2*z**2 + 118*z + 110. Calculate s(-58).
-6
Let n(a) = -a - 8. Give n(-10).
2
Let p(i) = 2*i**2 - 10*i + 4. What is p(7)?
32
Let a(b) = -b + 18. Give a(-14).
32
Let d(z) = -z**3 + 2*z**2 + 9*z - 7. Calculate d(3).
11
Let y(h) = 27*h**3 - h + 2. Give y(1).
28
Let c(q) = q**3 - 2*q**2 - 11. Give c(0).
-11
Let s(r) = r**3 - 27*r**2 + 48*r + 49. Determine s(25).
-1
Let v(o) = -o**3 + o**2 - o - 5. What is v(0)?
-5
Let f(q) = -7*q - 52. What is f(-13)?
39
Let h(a) = -a**3 + 8*a**2 - 10*a - 14. Calculate h(6).
-2
Let o(s) = s + 17. Give o(12).
29
Let k(b) = 7*b - 6. Calculate k(-1).
-13
Let m(r) = r**2 + 12*r + 10. Determine m(-5).
-25
Let d(m) = 20*m - 438. Calculate d(22).
2
Let v(s) = 3*s - 14. Calculate v(6).
4
Let f(b) = -13*b**2 - 37*b + 2. Calculate f(-3).
-4
Let x(m) = 3*m**2 - 20*m - 13. Give x(7).
-6
Let z(h) = h**3 - 2*h**2 - 2*h - 12. Give z(0).
-12
Let h(v) = v**2 + 30*v - 9. What is h(-8)?
-185
Let k(s) = -3*s**3 + 62*s**2 - 39*s - 40. Give k(20).
-20
Let q(b) = b**3 + 12*b**2 + 13*b + 17. Determine q(-11).
-5
Let x(y) = -y**2 + 7*y - 8. Determine x(3).
4
Let n(y) = -y**3 - 10*y**2 - 13*y - 31. Give n(-9).
5
Let d(k) = -2*k**2 + 31*k - 8. What is d(15)?
7
Let v(n) = 3*n**3 + n**2 + n. Calculate v(-1).
-3
Let f(w) = -w**3 + 9*w**2 - 19*w - 1. What is f(4)?
3
Let b(h) = h**2 - 7. Give b(5).
18
Let r(z) = -9*z - 12